alculate the greatest common factor of 135 and 5076.
27
Calculate the highest common divisor of 2527 and 1729.
133
What is the greatest common divisor of 304 and 17176?
152
Calculate the highest common divisor of 10 and 398.
2
Calculate the highest common divisor of 11 and 803.
11
Calculate the greatest common divisor of 1701 and 6.
3
Calculate the highest common factor of 116 and 20.
4
Calculate the greatest common divisor of 223 and 10481.
223
Calculate the highest common factor of 16 and 1712.
16
Calculate the greatest common divisor of 12 and 44628.
12
Calculate the greatest common divisor of 520 and 312.
104
What is the highest common factor of 55 and 5390?
55
What is the highest common divisor of 45 and 135?
45
Calculate the highest common divisor of 14 and 1519.
7
What is the greatest common factor of 84 and 114?
6
Calculate the greatest common factor of 12661 and 22.
11
Calculate the greatest common divisor of 180 and 252.
36
What is the highest common divisor of 19 and 3097?
19
Calculate the greatest common factor of 27 and 18.
9
Calculate the highest common divisor of 1547 and 17.
17
Calculate the greatest common divisor of 1472 and 23.
23
What is the greatest common divisor of 234 and 1378?
26
Calculate the greatest common divisor of 1312 and 8.
8
Calculate the greatest common divisor of 3076 and 36.
4
What is the highest common factor of 12 and 12?
12
What is the greatest common divisor of 3473 and 92?
23
What is the highest common factor of 288 and 4384?
32
Calculate the greatest common factor of 194 and 2.
2
What is the greatest common divisor of 184 and 6532?
92
What is the greatest common factor of 992 and 1054?
62
Calculate the greatest common divisor of 45 and 180.
45
What is the highest common factor of 5159 and 1001?
77
What is the highest common factor of 68 and 697?
17
What is the greatest common divisor of 1349 and 38?
19
What is the greatest common factor of 63 and 2601?
9
Calculate the greatest common factor of 4 and 128.
4
What is the greatest common factor of 26 and 7995?
13
Calculate the highest common divisor of 756 and 28.
28
What is the highest common divisor of 148 and 1073?
37
Calculate the highest common divisor of 77 and 7777.
77
Calculate the highest common factor of 1347 and 27.
3
Calculate the highest common divisor of 234 and 26.
26
Calculate the greatest common divisor of 225 and 50.
25
Calculate the greatest common factor of 1274 and 338.
26
Calculate the greatest common factor of 112 and 32.
16
Calculate the greatest common factor of 1930 and 10.
10
Calculate the highest common factor of 378 and 210.
42
Calculate the greatest common divisor of 1068 and 24.
12
What is the greatest common factor of 272 and 27?
1
Calculate the greatest common divisor of 40 and 150.
10
Calculate the highest common factor of 1065 and 15.
15
What is the highest common divisor of 12292 and 7?
7
Calculate the greatest common divisor of 5249 and 29.
29
Calculate the highest common divisor of 10 and 75.
5
Calculate the highest common divisor of 135 and 1530.
45
Calculate the highest common divisor of 91 and 1183.
91
Calculate the greatest common divisor of 13775 and 100.
25
Calculate the highest common factor of 38 and 266.
38
Calculate the highest common factor of 27 and 24030.
27
Calculate the highest common factor of 1368 and 76.
76
Calculate the highest common factor of 528 and 33.
33
Calculate the greatest common divisor of 117 and 24063.
39
What is the highest common divisor of 340 and 160?
20
Calculate the highest common divisor of 10431 and 9.
9
Calculate the greatest common divisor of 37 and 333.
37
What is the greatest common factor of 8130 and 60?
30
Calculate the highest common factor of 558 and 36.
18
Calculate the highest common factor of 134 and 10519.
67
What is the highest common factor of 984 and 902?
82
Calculate the greatest common divisor of 4160 and 325.
65
What is the highest common divisor of 300 and 120?
60
What is the highest common divisor of 352 and 8?
8
Calculate the highest common factor of 559 and 13.
13
What is the highest common divisor of 7089 and 51?
51
Calculate the highest common divisor of 111 and 30747.
111
What is the highest common divisor of 1395 and 1488?
93
What is the highest common factor of 1328 and 8?
8
What is the highest common divisor of 10128 and 192?
48
Calculate the greatest common divisor of 1260 and 10.
10
What is the highest common divisor of 11 and 1408?
11
What is the highest common divisor of 61 and 305?
61
What is the greatest common factor of 121 and 22?
11
Calculate the greatest common factor of 170 and 323.
17
What is the greatest common divisor of 763 and 872?
109
What is the greatest common factor of 4010 and 40?
10
What is the greatest common divisor of 22 and 297?
11
Calculate the greatest common divisor of 11938 and 94.
94
What is the highest common factor of 68 and 4437?
17
Calculate the highest common divisor of 60 and 870.
30
What is the greatest common divisor of 114 and 24054?
114
What is the greatest common divisor of 10 and 30?
10
Calculate the greatest common divisor of 16 and 2896.
16
Calculate the greatest common divisor of 11 and 407.
11
Calculate the greatest common factor of 12 and 8628.
12
Calculate the highest common divisor of 92 and 644.
92
Calculate the highest common factor of 6990 and 150.
30
Calculate the greatest common divisor of 153 and 255.
51
Calculate the greatest common factor of 10 and 145.
5
What is the highest common factor of 30 and 105?
15
Calculate the highest common factor of 1782 and 54.
54
Calculate the highest common divisor of 3772 and 328.
164
Calculate the highest common factor of 24 and 328.
8
What is the greatest common factor of 624 and 26?
26
Calculate the highest common divisor of 102 and 238.
34
What is the greatest common divisor of 110 and 15?
5
Calculate the greatest common divisor of 12 and 276.
12
Calculate the highest common factor of 65 and 39.
13
Calculate the highest common factor of 7306 and 26.
26
Calculate the greatest common divisor of 2077 and 1139.
67
Calculate the greatest common factor of 474 and 4503.
237
What is the greatest common factor of 372 and 120?
12
Calculate the highest common factor of 8393 and 77.
77
Calculate the greatest common factor of 51 and 1479.
51
Calculate the greatest common factor of 1485 and 10.
5
Calculate the highest common divisor of 4836 and 248.
124
What is the highest common divisor of 14 and 266?
14
Calculate the greatest common factor of 16 and 3376.
16
Calculate the highest common factor of 38 and 4142.
38
What is the greatest common factor of 61 and 7?
1
Calculate the highest common divisor of 394 and 4.
2
What is the greatest common divisor of 65 and 80?
5
What is the greatest common factor of 624 and 39?
39
What is the greatest common factor of 2747 and 41?
41
Calculate the greatest common factor of 10 and 1090.
10
What is the highest common factor of 79 and 2?
1
What is the greatest common divisor of 56 and 504?
56
Calculate the greatest common divisor of 768 and 6.
6
Calculate the highest common factor of 162 and 150.
6
What is the greatest common factor of 3573 and 18?
9
What is the greatest common divisor of 57 and 975?
3
What is the highest common factor of 759 and 11?
11
What is the greatest common divisor of 1209 and 39?
39
Calculate the greatest common factor of 11 and 220.
11
Calculate the greatest common divisor of 107 and 107.
107
What is the highest common factor of 48 and 16344?
24
Calculate the greatest common factor of 168 and 192.
24
What is the highest common divisor of 729 and 27?
27
What is the highest common divisor of 5149 and 133?
19
Calculate the highest common factor of 63 and 5427.
9
Calculate the highest common factor of 63 and 42.
21
Calculate the greatest common divisor of 26 and 4.
2
Calculate the greatest common factor of 1 and 37.
1
What is the highest common divisor of 6 and 12?
6
What is the greatest common factor of 402 and 4690?
134
What is the greatest common divisor of 6444 and 144?
36
What is the highest common factor of 17 and 10931?
17
Calculate the highest common divisor of 19 and 6802.
19
What is the greatest common divisor of 146 and 803?
73
What is the highest common divisor of 270 and 20?
10
What is the highest c